Suppose p + 84 + 46 = 5*u, 4*u - 3*p - 93 = 0. What is the greatest common factor of 45 and u?
9
Let n = 397 + -127. Suppose -n = -6*o - 0*o. Calculate the greatest common factor of o and 18.
9
Let d be -52*((-198)/8)/9. What is the highest common factor of d and 11?
11
Let j(v) = -v - 3. Let q be j(-3). Suppose q = g + g + 4. Let r be 5/(-2)*(g - 4). Calculate the greatest common divisor of 6 and r.
3
Let o be -1 - (-2 + 3)*-1. Suppose o = -0*r + 5*r - 10. Suppose -4*d + 0*d - 2*x + 86 = 0, 0 = d + 4*x - 18. Calculate the greatest common divisor of d and r.
2
Suppose -p - x + 21 = -4, -4*x + 60 = 2*p. Calculate the highest common divisor of p and 180.
20
Let o(g) = 10*g - 77. Let f be o(11). What is the highest common factor of f and 3?
3
Let f be (2 + 0)/2 - -21. Let y = f + -7. Suppose -5*p + y = -30. What is the greatest common factor of 9 and p?
9
Let n(p) = 3*p**2 + 5*p - 2. Suppose -24 = -2*r - 2*r. Let a be n(r). Suppose -u - u = -a. Calculate the greatest common divisor of u and 17.
17
Suppose -4*x = 3*d - 17, 3*x - 3*d + 0*d - 18 = 0. Let p(u) = u**3 - 9*u**2 - 9*u + 15. Let j be p(10). What is the highest common divisor of x and j?
5
Let c(j) = 5*j**2 - j + 1. Let p = -4 - -5. Let o be c(p). Suppose -h - 18 = -o*i + 47, -h + 75 = 5*i. What is the greatest common factor of 112 and i?
14
Suppose -h + 5*o = -2, 2*o + 1 = -2*h + 5. Suppose 0 = -0*u - u + h, 74 = 2*i + 4*u. What is the highest common factor of 11 and i?
11
Let n be (2 - 3)*-2 + 43. Suppose 36 = 2*r + 2*v, 4*v + 38 = 4*r - 10. Calculate the highest common factor of r and n.
15
Let a = -31 - -76. Suppose 0 = 2*u + u - a. What is the highest common divisor of 15 and u?
15
Let q = -17 - -42. Suppose f - 23 = 3*a, 5*f - q = a + 48. Calculate the greatest common divisor of 154 and f.
14
Suppose 3*w - 1 - 8 = 0. Suppose -4*g = -n + 58, 44 = n + w*g - 0*g. Calculate the highest common factor of n and 20.
10
Let b = 35 + -5. Calculate the greatest common divisor of 30 and b.
30
Let c(w) = -4*w**3 - w**2 - 3*w + 2. Let h be c(-3). What is the highest common divisor of 22 and h?
22
Suppose s - 135 = -2*s. What is the highest common divisor of s and 9?
9
Suppose 2*n + 2 = 18. Suppose 0 = -3*u + 7*u - 288. What is the highest common factor of u and n?
8
Let o(d) be the second derivative of d**5/20 + 3*d**4/4 - d**3/6 - 9*d**2/2 - 3*d. Let p be o(-8). What is the highest common divisor of p and 9?
9
Suppose 26*x - 27*x + 9 = 0. What is the greatest common factor of 1 and x?
1
Let w be ((-32)/28 + 2)*14. Calculate the greatest common divisor of w and 8.
4
Let j be -2 + (-50)/(1 - 2). Suppose -3*i + 2*m = -38, 12*m = 7*m - 5. Calculate the greatest common factor of j and i.
12
Suppose 30 + 14 = 4*n. Let z(j) = -j**3 + 13*j**2 - 14*j + 11. Let w be z(11). Calculate the highest common divisor of w and n.
11
Suppose 15*a - 39 = 12*a. Calculate the highest common divisor of a and 117.
13
Let u(t) = t**3 - 17*t**2 + 3*t - 33. Let k be u(17). What is the greatest common divisor of 30 and k?
6
Let x be (-15)/(-4)*280/15. Calculate the greatest common divisor of 14 and x.
14
Suppose -2 = f - 1. Let g be -2 - (3*-3 - f). Calculate the highest common divisor of g and 48.
6
Suppose 6*w + 77 = 7*w. Calculate the highest common divisor of w and 11.
11
Let v(z) = -z**2 - 3*z + 3. Let r be v(-3). Suppose -t + r = -6. Let b be (-27 - -1)/(-1) + (-12)/(-12). Calculate the highest common divisor of b and t.
9
Suppose -y - 2 = 3*n - 4, n = -1. Suppose -42 = -y*c + 8. What is the greatest common factor of 80 and c?
10
Let t be -2 + 13 - 1 - (11 - 8). What is the greatest common divisor of 14 and t?
7
Suppose -276 = x - 3*x. Calculate the highest common divisor of x and 6.
6
Let k be 18/5*3*30/12. Calculate the greatest common divisor of 9 and k.
9
Let c(o) = -o**3 + 4*o**2 + 6*o + 4. Let t be c(5). What is the highest common factor of 18 and t?
9
Let g(t) be the second derivative of 19*t**4/12 + t**3/3 - t**2/2 - 4*t. Let w be g(1). Calculate the greatest common divisor of 100 and w.
20
Let b be 70/(-4)*(-8)/10. Calculate the highest common factor of 2 and b.
2
Let f be -4 - (1 + (-1 - -1)). Let h be 1557/(-15) - (-1)/f. Let l = h + 181. Calculate the greatest common factor of 7 and l.
7
Suppose 21*j - 135 = 18*j. What is the greatest common factor of j and 9?
9
Suppose -g + 2 + 2 = 0, -s + 5*g - 10 = 0. Let d = 0 + -1. Let l be 40 - (2 + -2)/d. Calculate the highest common divisor of l and s.
10
Let b = 12 + -7. Suppose -4*u - 308 = -984. Suppose -2*c + s + u = -c, -b*s = 20. Calculate the greatest common factor of 15 and c.
15
Suppose 2*x - 9*y - 218 = -4*y, -10 = 5*y. What is the greatest common factor of 13 and x?
13
Let c(a) = a + 145. Let w be c(0). Suppose 5*g = 3*p + w, 2*p - p + 27 = g. What is the greatest common divisor of 8 and g?
8
Let l be (-2 + 9 - 2) + -1. Let d be (-3)/4 + 14/8. Let h be (-188)/(-12) - d/(-3). Calculate the greatest common divisor of h and l.
4
Let j = -27 + 61. Suppose c = 2*c + b - j, 0 = c - 5*b - 10. Let d be (50 - 1) + -1*4. What is the highest common factor of c and d?
15
Let l(c) = -c**3 + 5*c**2 + 4. Suppose 0 = o + 4*o. Suppose 0 = -o*d + d - 5. Let w be l(d). Calculate the greatest common divisor of 16 and w.
4
Let u(h) = -6*h**3 - 3*h**2 - 3*h - 2. Let q be u(-2). What is the greatest common factor of q and 100?
20
Let p be 4/10 + (-552)/30. Let i = -4 - p. Let v be (2*2)/((-2)/(-14)). Calculate the greatest common divisor of i and v.
14
Suppose -2*p = p - 72. Let a be ((-6)/4)/((-9)/p). Suppose g - 11 = -4*y, -2*g + 7 = -4*y + 3*g. What is the greatest common divisor of a and y?
2
Suppose 0 = -4*g - g + b + 245, 0 = -2*b - 10. What is the highest common factor of g and 384?
48
Let k(v) = 5*v**2 + 2*v + 5. Let d be k(-4). Let y(u) = u**3 - 6*u**2 + 3*u + 2. Let a be y(5). Let q = 19 + a. Calculate the highest common divisor of q and d.
11
Suppose 315 = 5*m - 0*m. Let n(d) = d**2 + d + 1. Let q be n(-3). Calculate the greatest common divisor of q and m.
7
Let u(r) = -3*r + r - 8 + 3*r - 3*r. Let t be u(-7). Suppose 5*m - 38 = 5*c + 62, -4*c = -2*m + 50. Calculate the highest common factor of m and t.
3
Suppose -2*r + 24 = -3*r. Let j = 40 + r. Suppose n - j = 39. Calculate the highest common divisor of n and 11.
11
Let r = 167 + -119. Let a = 1 - -4. Suppose -5*y = 3*q - 3*y - 358, -605 = -5*q + a*y. Calculate the highest common factor of r and q.
24
Let g = -4 - -7. Suppose 6 = -k + g. Let q = 10 - k. Calculate the greatest common factor of q and 78.
13
Let x be 3/((-1)/((-1)/1)). Let h be 4/(2 + 10/(-6)). What is the highest common divisor of h and x?
3
Let j(v) = 11*v**2. Let y be j(-3). Suppose 8*r - 4*r = 52. Suppose 5*f = 3 - r, 2*k = -f + 20. Calculate the highest common divisor of k and y.
11
Let x be (2 - -61)*(-4)/(-2). Suppose -2*y = -0 - x. What is the greatest common factor of 7 and y?
7
Suppose -5 = -2*x + 1. Suppose -x*j + 13 + 82 = -2*s, -5*j + s = -170. Suppose 0 = -5*z + 30 + 5. What is the highest common divisor of j and z?
7
Suppose -3 = -c - 0. Calculate the greatest common divisor of c and 3.
3
Suppose 9 = l + 2*l. Suppose -7 = h - 4*g, -g + 4 = -h + l. What is the highest common factor of 5 and h?
1
Suppose 14*t - 198 - 110 = 0. Calculate the greatest common divisor of t and 22.
22
Let n = 32 - 23. Suppose 4*l = 3*l + 4*s - 18, 5 = s. Suppose v - 5 = -l. Calculate the highest common divisor of n and v.
3
Let b(n) = -n - 3. Let k be b(-8). Suppose -k*p + 7*p = 100. What is the highest common factor of p and 25?
25
Let x = -39 - -59. Let y = x + 2. What is the highest common divisor of y and 66?
22
Let b be 32/(-8) + 0 + 32. Calculate the greatest common factor of b and 4.
4
Suppose 2*m + 10 = 3*m. Let u = 17 + -7. Calculate the highest common divisor of m and u.
10
Let f be (0 + -1)/(1/(-6)). Let y be -3*(-1)/f*8. What is the highest common factor of y and 2?
2
Let u = 68 + -44. Let b(k) = k**3 - 3. Let j be b(0). Let l = 0 - j. What is the highest common divisor of u and l?
3
Suppose 2*w + 3*w - 20 = 0, 4*d = 4*w + 20. What is the greatest common factor of 36 and d?
9
Let l be 2*3/(-6)*-99. Let t = -9 - -18. Calculate the greatest common divisor of l and t.
9
Let b = -23 - -27. What is the highest common divisor of 1 and b?
1
Let k = 3